t is the thousands digit of 409586?
9
What is the thousands digit of 1498035?
8
What is the units digit of 194656?
6
What is the hundreds digit of 439656?
6
What is the hundred thousands digit of 17204761?
2
What is the hundred thousands digit of 592358?
5
What is the thousands digit of 11855263?
5
What is the hundreds digit of 66183?
1
What is the ten thousands digit of 221893?
2
What is the tens digit of 3371977?
7
What is the tens digit of 14323?
2
What is the tens digit of 6545329?
2
What is the ten millions digit of 13008458?
1
What is the units digit of 3536318?
8
What is the hundreds digit of 1425778?
7
What is the hundreds digit of 1452129?
1
What is the hundreds digit of 139812?
8
What is the thousands digit of 208316?
8
What is the tens digit of 55484?
8
What is the hundreds digit of 2648221?
2
What is the hundred thousands digit of 2469246?
4
What is the units digit of 79552?
2
What is the hundred thousands digit of 5747167?
7
What is the tens digit of 126192?
9
What is the units digit of 8628477?
7
What is the millions digit of 10143752?
0
What is the ten thousands digit of 1007509?
0
What is the units digit of 531334?
4
What is the hundreds digit of 168879?
8
What is the hundred thousands digit of 270321?
2
What is the ten thousands digit of 226731?
2
What is the hundreds digit of 38966?
9
What is the ten thousands digit of 1541690?
4
What is the thousands digit of 22951820?
1
What is the tens digit of 280303?
0
What is the millions digit of 29133503?
9
What is the ten thousands digit of 525087?
2
What is the hundreds digit of 1746?
7
What is the hundreds digit of 2770174?
1
What is the ten thousands digit of 3860913?
6
What is the units digit of 6445876?
6
What is the tens digit of 477718?
1
What is the hundreds digit of 458423?
4
What is the hundreds digit of 73396?
3
What is the millions digit of 1036836?
1
What is the hundred thousands digit of 2641122?
6
What is the units digit of 13141571?
1
What is the hundred thousands digit of 140677?
1
What is the hundred thousands digit of 4269620?
2
What is the tens digit of 1401697?
9
What is the thousands digit of 1301095?
1
What is the ten thousands digit of 41040790?
4
What is the tens digit of 252693?
9
What is the ten thousands digit of 282568?
8
What is the hundreds digit of 100448?
4
What is the units digit of 43567?
7
What is the ten thousands digit of 5725487?
2
What is the thousands digit of 182392?
2
What is the hundreds digit of 20628747?
7
What is the hundred thousands digit of 11946515?
9
What is the hundreds digit of 588797?
7
What is the units digit of 101672?
2
What is the tens digit of 227076?
7
What is the units digit of 1311042?
2
What is the hundred thousands digit of 6053850?
0
What is the ten thousands digit of 1180659?
8
What is the units digit of 456469?
9
What is the hundred thousands digit of 330709?
3
What is the units digit of 268682?
2
What is the tens digit of 1405828?
2
What is the hundred thousands digit of 2284218?
2
What is the tens digit of 2921222?
2
What is the hundreds digit of 1103235?
2
What is the hundreds digit of 1864285?
2
What is the units digit of 534037?
7
What is the ten thousands digit of 29165?
2
What is the hundred thousands digit of 335407?
3
What is the tens digit of 995390?
9
What is the hundreds digit of 653320?
3
What is the millions digit of 1602454?
1
What is the units digit of 984293?
3
What is the hundreds digit of 336236?
2
What is the units digit of 616284?
4
What is the tens digit of 497446?
4
What is the ten thousands digit of 170274?
7
What is the units digit of 440188?
8
What is the millions digit of 21265456?
1
What is the thousands digit of 8208853?
8
What is the tens digit of 1749036?
3
What is the hundreds digit of 30919?
9
What is the thousands digit of 4886650?
6
What is the hundred thousands digit of 941833?
9
What is the tens digit of 7384790?
9
What is the tens digit of 7534496?
9
What is the units digit of 512449?
9
What is the units digit of 669443?
3
What is the units digit of 3914459?
9
What is the thousands digit of 21556?
1
What is the hundred thousands digit of 20315560?
3
What is the millions digit of 13211809?
3
What is the thousands digit of 16173?
6
What is the units digit of 523172?
2
What is the thousands digit of 518357?
8
What is the hundreds digit of 574215?
2
What is the millions digit of 9116180?
9
What is the thousands digit of 716959?
6
What is the thousands digit of 485257?
5
What is the hundreds digit of 2090303?
3
What is the thousands digit of 83541?
3
What is the hundred thousands digit of 256483?
2
What is the thousands digit of 16405?
6
What is the thousands digit of 201414?
1
What is the thousands digit of 67056?
7
What is the tens digit of 17819827?
2
What is the hundreds digit of 455287?
2
What is the tens digit of 4650165?
6
What is the hundred thousands digit of 8612308?
6
What is the hundreds digit of 24596387?
3
What is the units digit of 4263968?
8
What is the tens digit of 1103902?
0
What is the tens digit of 96992?
9
What is the tens digit of 1217337?
3
What is the units digit of 1073296?
6
What is the hundreds digit of 1690397?
3
What is the tens digit of 16517333?
3
What is the units digit of 607527?
7
What is the ten thousands digit of 359909?
5
What is the hundred thousands digit of 16242362?
2
What is the hundred thousands digit of 868342?
8
What is the millions digit of 10465185?
0
What is the tens digit of 859460?
6
What is the tens digit of 4664658?
5
What is the tens digit of 664517?
1
What is the hundreds digit of 4097288?
2
What is the hundreds digit of 145785?
7
What is the ten thousands digit of 334253?
3
What is the tens digit of 282199?
9
What is the units digit of 569368?
8
What is the units digit of 449807?
7
What is the hundreds digit of 355951?
9
What is the units digit of 6044?
4
What is the tens digit of 4166993?
9
What is the units digit of 2015018?
8
What is the tens digit of 593542?
4
What is the units digit of 234684?
4
What is the hundred thousands digit of 106024?
1
What is the ten millions digit of 17613178?
1
What is the tens digit of 9006498?
9
What is the hundred thousands digit of 5151303?
1
What is the ten millions digit of 15518973?
1
What is the hundreds digit of 1726232?
2
What is the hundreds digit of 7190411?
4
What is the tens digit of 416620?
2
What is the hundred thousands digit of 2215946?
2
What is the hundreds digit of 73365?
3
What is the tens digit of 501620?
2
What is the hundreds digit of 4856875?
8
What is the ten thousands digit of 424070?
2
What is the millions digit of 14053247?
4
What is the units digit of 1282358?
8
What is the ten millions digit of 22738612?
2
What is the units digit of 1118643?
3
What is the tens digit of 14511?
1
What is the hundred thousands digit of 911388?
9
What is the hundreds digit of 15604?
6
What is the hundred thousands digit of 2004451?
0
What is the hundreds digit of 1419237?
2
What is the hundred thousands digit of 315323?
3
What is the hundred thousands digit of 432164?
4
What is the hundred thousands digit of 594557?
5
What is the thousands digit of 122733?
2
What is the units digit of 524444?
4
What is the tens digit of 721332?
3
What is the hundreds digit of 135446?
4
What is the tens digit of 25931?
3
What is the thousands digit of 143329?
3
What is the ten thousands digit of 109365?
0
What is the tens digit of 347094?
9
What is the thousands digit of 843563?
3
What is the millions digit of 10095043?
0
What is the units digit of 213402?
2
What is the millions digit of 16706610?
6
What is the ten thousands digit of 5038010?
3
What is the tens digit of 32?
3
What is the ten thousands digit of 6702394?
0
What is the tens digit of 926130?
3
What is the tens digit of 18358597?
9
What is the units digit of 19905891?
1
What is the thousands digit of 542407?
2
What is the units digit of 7324648?
8
What is the hundred thousands digit of 642341?
6
What is the units digit of 801819?
9
What is the units digit of 619595?
5
What is the units digit of 58751?
1
What is the units digit of 1423938?
8
What is the hundred thousands digit of 461927?
4
What is the thousands digit of 1376286?
6
What is the hundred thousands digit of 2304210?
3
What is the thousands digit of 338703?
8
What is the units 